33696682?
9
What is the hundreds digit of 45774699?
6
What is the ten thousands digit of 401254439?
5
What is the hundred millions digit of 192295634?
1
What is the hundreds digit of 87308537?
5
What is the hundred thousands digit of 64233296?
2
What is the hundred thousands digit of 47708719?
7
What is the hundred thousands digit of 798062038?
0
What is the hundred thousands digit of 251772731?
7
What is the tens digit of 87524834?
3
What is the units digit of 107579741?
1
What is the tens digit of 30497762?
6
What is the thousands digit of 818591377?
1
What is the hundreds digit of 112848972?
9
What is the hundred thousands digit of 362537523?
5
What is the tens digit of 7364404628?
2
What is the tens digit of 876203348?
4
What is the ten millions digit of 77323030?
7
What is the hundreds digit of 177547080?
0
What is the tens digit of 60969141?
4
What is the ten millions digit of 622961859?
2
What is the thousands digit of 27752240?
2
What is the hundred thousands digit of 144041488?
0
What is the units digit of 169684657?
7
What is the ten millions digit of 92147713?
9
What is the ten thousands digit of 34490071?
9
What is the tens digit of 835437140?
4
What is the hundred thousands digit of 56897593?
8
What is the millions digit of 271246031?
1
What is the ten thousands digit of 1981622487?
2
What is the millions digit of 55888436?
5
What is the thousands digit of 2403314495?
4
What is the hundred thousands digit of 997026479?
0
What is the units digit of 169101483?
3
What is the ten thousands digit of 2102672523?
7
What is the units digit of 5028020888?
8
What is the tens digit of 639945324?
2
What is the units digit of 61770534?
4
What is the hundred thousands digit of 156875719?
8
What is the tens digit of 1081803360?
6
What is the ten millions digit of 2000461465?
0
What is the thousands digit of 207592581?
2
What is the millions digit of 675133116?
5
What is the hundreds digit of 77711509?
5
What is the ten millions digit of 16815523?
1
What is the units digit of 343127864?
4
What is the ten millions digit of 13127126?
1
What is the millions digit of 2916079?
2
What is the millions digit of 153133937?
3
What is the thousands digit of 3581891087?
1
What is the ten thousands digit of 220525288?
2
What is the billions digit of 1382474827?
1
What is the hundreds digit of 483581312?
3
What is the tens digit of 1053067033?
3
What is the hundred millions digit of 522956265?
5
What is the millions digit of 5617921829?
7
What is the ten thousands digit of 154012466?
1
What is the thousands digit of 35649444?
9
What is the ten thousands digit of 26828055?
2
What is the billions digit of 1461694903?
1
What is the tens digit of 62342563?
6
What is the ten thousands digit of 4535879108?
7
What is the units digit of 165639390?
0
What is the millions digit of 167760913?
7
What is the tens digit of 46614262?
6
What is the thousands digit of 1028424152?
4
What is the tens digit of 1639344556?
5
What is the hundred thousands digit of 510476493?
4
What is the tens digit of 1927708907?
0
What is the ten thousands digit of 12530569?
3
What is the thousands digit of 228400522?
0
What is the hundreds digit of 1161619575?
5
What is the tens digit of 18261273?
7
What is the ten thousands digit of 2297997833?
9
What is the tens digit of 39575131?
3
What is the billions digit of 6203438000?
6
What is the ten thousands digit of 1888353577?
5
What is the ten thousands digit of 112219432?
1
What is the units digit of 2747077915?
5
What is the ten millions digit of 322565089?
2
What is the hundreds digit of 53197027?
0
What is the ten millions digit of 52818148?
5
What is the tens digit of 314458264?
6
What is the millions digit of 2018424?
2
What is the thousands digit of 4619880991?
0
What is the ten millions digit of 198556177?
9
What is the units digit of 54690357?
7
What is the tens digit of 75567091?
9
What is the ten thousands digit of 1227919542?
1
What is the ten millions digit of 273114321?
7
What is the thousands digit of 23231022?
1
What is the hundreds digit of 51939821?
8
What is the millions digit of 118984163?
8
What is the hundred millions digit of 424197167?
4
What is the thousands digit of 149669913?
9
What is the tens digit of 361558152?
5
What is the hundred thousands digit of 2030617346?
6
What is the millions digit of 81238505?
1
What is the hundred millions digit of 428109055?
4
What is the tens digit of 6994945762?
6
What is the millions digit of 648424807?
8
What is the units digit of 20050925?
5
What is the hundreds digit of 2032037233?
2
What is the hundreds digit of 150981357?
3
What is the thousands digit of 55454761?
4
What is the hundred thousands digit of 219384558?
3
What is the hundreds digit of 1308441790?
7
What is the hundred millions digit of 2361454044?
3
What is the hundred thousands digit of 42206800?
2
What is the units digit of 6740176110?
0
What is the ten thousands digit of 9532847?
3
What is the ten millions digit of 73379338?
7
What is the ten thousands digit of 38173322?
7
What is the tens digit of 336286488?
8
What is the tens digit of 280632663?
6
What is the tens digit of 104069507?
0
What is the ten thousands digit of 584609925?
0
What is the thousands digit of 447943440?
3
What is the units digit of 3123940685?
5
What is the thousands digit of 28878678?
8
What is the tens digit of 509846899?
9
What is the ten millions digit of 4793464996?
9
What is the billions digit of 1938836787?
1
What is the millions digit of 73480966?
3
What is the thousands digit of 8558810?
8
What is the tens digit of 166787274?
7
What is the millions digit of 421248980?
1
What is the thousands digit of 53086546?
6
What is the tens digit of 28356441?
4
What is the hundred thousands digit of 403802328?
8
What is the hundreds digit of 550702752?
7
What is the tens digit of 493848133?
3
What is the hundreds digit of 1533113183?
1
What is the ten thousands digit of 177643939?
4
What is the hundreds digit of 142657107?
1
What is the units digit of 138092941?
1
What is the hundreds digit of 439343546?
5
What is the thousands digit of 201347324?
7
What is the billions digit of 1332041939?
1
What is the units digit of 3007005199?
9
What is the hundreds digit of 20607762?
7
What is the ten millions digit of 294613011?
9
What is the millions digit of 451102831?
1
What is the units digit of 50375570?
0
What is the hundred thousands digit of 1344868736?
8
What is the hundred millions digit of 993183835?
9
What is the hundreds digit of 251259134?
1
What is the tens digit of 54951116?
1
What is the hundreds digit of 1709256861?
8
What is the ten millions digit of 120027935?
2
What is the millions digit of 170215616?
0
What is the hundred millions digit of 1687944123?
6
What is the ten millions digit of 328442425?
2
What is the millions digit of 29920100?
9
What is the tens digit of 1280312129?
2
What is the tens digit of 12337905?
0
What is the hundreds digit of 110534169?
1
What is the thousands digit of 528178079?
8
What is the units digit of 254866761?
1
What is the hundred thousands digit of 679314453?
3
What is the hundreds digit of 434025112?
1
What is the hundreds digit of 1720612743?
7
What is the hundreds digit of 28169175?
1
What is the ten thousands digit of 45190881?
9
What is the thousands digit of 3541477246?
7
What is the hundreds digit of 61976793?
7
What is the hundred millions digit of 351299331?
3
What is the hundred thousands digit of 144652868?
6
What is the millions digit of 438038072?
8
What is the billions digit of 1088103267?
1
What is the ten thousands digit of 1263482612?
8
What is the millions digit of 248907712?
8
What is the tens digit of 1661273183?
8
What is the hundreds digit of 1284459140?
1
What is the tens digit of 455686542?
4
What is the tens digit of 2105639667?
6
What is the hundred thousands digit of 3718893363?
8
What is the hundred millions digit of 184602850?
1
What is the thousands digit of 966690690?
0
What is the hundred millions digit of 1058878521?
0
What is the hundred thousands digit of 3232852221?
8
What is the thousands digit of 2609474090?
4
What is the millions digit of 559189531?
9
What is the thousands digit of 18569570?
9
What is the tens digit of 131863283?
8
What is the ten thousands dig